{"id":861,"date":"2016-02-19T12:49:12","date_gmt":"2016-02-19T11:49:12","guid":{"rendered":"http:\/\/urbanef.web34.fr\/site\/?page_id=861"},"modified":"2018-07-30T05:11:27","modified_gmt":"2018-07-30T03:11:27","slug":"a-propos-de-l-association-urbanef","status":"publish","type":"page","link":"https:\/\/urbanef.web34.fr\/site\/a-propos-de-l-association-urbanef\/","title":{"rendered":"\u00e0 propos de l&rsquo;association UrbaNef"},"content":{"rendered":"<p><strong>L&rsquo;association UrbaNef n&rsquo;a pas de vocation commerciale ou financi\u00e8re.<\/strong><\/p>\n<p>D&rsquo;ailleurs l&rsquo;association UrbaNef n&rsquo;a pas de de tr\u00e9sorerie ni de tr\u00e9sorier.<\/p>\n<p>Nous sommes une association \u00e0 but non lucratif r\u00e9gie par<br \/>\nl&rsquo;article 2 de la loi du 1er Juillet 1901 et le d\u00e9cret du 9 Ao\u00fbt 1901.<\/p>\n<p>L&rsquo;association UrbaNef n&rsquo;a rien \u00e0 voir avec un quelconque commerce car elle<strong> n&rsquo;est pas une soci\u00e9t\u00e9 immobili\u00e8re ni une agence immobili\u00e8re,<\/strong> comme certains de nos \u00e9lus voudraient bien nous le faire croire\u00a0 *(voir note en bas de page).<\/p>\n<p>L&rsquo;association UrbaNef n&rsquo;a pas l&rsquo;intention de vendre ou d&rsquo;acheter quoi que ce soit car elle ne poss\u00e8de rien d&rsquo;autre que son intention de ne pas se laisser manipuler par quelques malins qui croient que les autres sont comme eux&#8230;<\/p>\n<p>UrbaNef est un collectif qui a \u00e9t\u00e9 cr\u00e9\u00e9e pour limiter les d\u00e9rives municipales, pour porter la parole des habitants de Neffi\u00e8s, et pour proposer une r\u00e9flexion globale citoyenne sur le devenir de notre commune; ce devenir qui \u00e9chappe \u00e0 la plupart des Neffiessois et transforme notre village petit \u00e0 petit n&rsquo;est pas une fatalit\u00e9, mais la cons\u00e9quence des choix de nos \u00e9lus.<\/p>\n<p>L&rsquo;association UrbaNef est n\u00e9e de la gestion contestable de notre village par quelques \u00e9lus qui ont une approche personnelle et une vision \u00e9triqu\u00e9e de la collectivit\u00e9 et qui influencent les orientations des politiques globales de notre village.<\/p>\n<p>L&rsquo;association UrbaNef est n\u00e9e du manque de fiabilit\u00e9 des d\u00e9cisions prises par nos \u00e9lus depuis quinze ans et qui ont fait faire des erreurs parfois co\u00fbteuses aux personnes qui s&rsquo;appuient sur ces d\u00e9cisions prises \u00ab\u00a0\u00e0 l&rsquo;unanimit\u00e9 en conseil municipal\u00a0\u00bb parce que ces m\u00eames d\u00e9cisions ont \u00e9t\u00e9 d\u00e9tourn\u00e9es de l&rsquo;objectif pr\u00e9vu et annonc\u00e9 \u00e0 tous et ne sont pas r\u00e9alis\u00e9es ensuite.\u00a0 Comment peut-on faire confiance quand la fiabilit\u00e9 est remise en cause ?<\/p>\n<p>L&rsquo;association UrbaNef est n\u00e9e parce que des particuliers dans ce village ont pay\u00e9 de leur poche les pots cass\u00e9s par l&rsquo;incomp\u00e9tence et les caprices de quelques \u00e9lus et que maintenant, \u00e7a suffit !<\/p>\n<p>Nous voulons davantage de concertation, de la coh\u00e9rence, de la transparence et du suivi dans les annonces qui sont faites aux neffiessois, au fil du temps et des d\u00e9cisions qui sont prises par nos \u00e9lus.<\/p>\n<p>Nous avons le droit de savoir, nous demandons un acc\u00e8s aux donn\u00e9es publiques qui nous sont cach\u00e9es, afin de pouvoir comprendre clairement la coh\u00e9rence et la faisabilit\u00e9 des d\u00e9cisions municipales, qui sont impos\u00e9es \u00e0 tous les neffiessois \u00e0 l&rsquo;abri des regards, sans v\u00e9ritable concertation,\u00a0 par un tout petit nombre d&rsquo;\u00e9lus. Nous en avons assez des gaspillages inutiles qui ne se justifient pas et qui divisent les opinions. Nous en avons assez du client\u00e9lisme et des arrangements.<\/p>\n<p>UrbaNef propose un terrain de r\u00e9flexion commun \u00e0 tous les villageois, m\u00eame s&rsquo;ils sont jeunes, vieux, catholiques, ath\u00e9es,\u00a0 \u00e9trangers, fran\u00e7ais, artistes, \u00e9tudiants, sportifs, agriculteurs, de souche, de droite, de gauche, \u00e9cologistes, cyclistes, pi\u00e9tons, riches, pauvres, propri\u00e9taires, locataires, ch\u00f4meurs, retrait\u00e9s.<\/p>\n<p>L&rsquo;association UrbaNef invite la population \u00e0 soutenir moralement son action citoyenne et pourquoi pas, \u00e0 adh\u00e9rer gratuitement \u00e0 L&rsquo;association qui, nous le rappellons, n&rsquo;a pas vocation \u00e0 se pr\u00e9senter \u00e0 une quelconque \u00e9lection municipale, ni maintenant ni plus tard.<\/p>\n<p>Vous pouvez \u00e9crire par mail \u00e0 urbanef [@] orange.fr , ou bien <a href=\"http:\/\/urbanef.web34.fr\/site\/nous-contacter\/\">nous contacter<\/a> par le site.<\/p>\n<p>Le Pr\u00e9sident de l&rsquo;association UrbaNef,<\/p>\n<p>Alain Barthe<\/p>\n<p>&nbsp;<\/p>\n<p>*Note: Lors de la r\u00e9union publique du 12 f\u00e9vrier 2012, de fausses all\u00e9gations ont \u00e9t\u00e9 annonc\u00e9es en public et ont n\u00e9cessit\u00e9 <a href=\"http:\/\/urbanef.web34.fr\/site\/wp-content\/uploads\/2016\/03\/Lettre-\u00e0-Mr-Bedos.pdf\">une mise au point par courrier<\/a> adress\u00e9 aux int\u00e9ress\u00e9s.<\/p>\n","protected":false},"excerpt":{"rendered":"<p>L&rsquo;association UrbaNef n&rsquo;a pas de vocation commerciale ou financi\u00e8re. D&rsquo;ailleurs l&rsquo;association UrbaNef n&rsquo;a pas de de tr\u00e9sorerie ni de tr\u00e9sorier. Nous sommes une association \u00e0 but non lucratif r\u00e9gie par l&rsquo;article 2 de la loi du 1er Juillet 1901 et le d\u00e9cret du 9 Ao\u00fbt 1901. L&rsquo;association UrbaNef n&rsquo;a rien \u00e0 voir avec un quelconque &hellip;<\/p>\n","protected":false},"author":1,"featured_media":0,"parent":0,"menu_order":0,"comment_status":"closed","ping_status":"closed","template":"","meta":{"footnotes":""},"class_list":["post-861","page","type-page","status-publish","hentry"],"_links":{"self":[{"href":"https:\/\/urbanef.web34.fr\/site\/wp-json\/wp\/v2\/pages\/861","targetHints":{"allow":["GET"]}}],"collection":[{"href":"https:\/\/urbanef.web34.fr\/site\/wp-json\/wp\/v2\/pages"}],"about":[{"href":"https:\/\/urbanef.web34.fr\/site\/wp-json\/wp\/v2\/types\/page"}],"author":[{"embeddable":true,"href":"https:\/\/urbanef.web34.fr\/site\/wp-json\/wp\/v2\/users\/1"}],"replies":[{"embeddable":true,"href":"https:\/\/urbanef.web34.fr\/site\/wp-json\/wp\/v2\/comments?post=861"}],"version-history":[{"count":0,"href":"https:\/\/urbanef.web34.fr\/site\/wp-json\/wp\/v2\/pages\/861\/revisions"}],"wp:attachment":[{"href":"https:\/\/urbanef.web34.fr\/site\/wp-json\/wp\/v2\/media?parent=861"}],"curies":[{"name":"wp","href":"https:\/\/api.w.org\/{rel}","templated":true}]}}